- -2 - 4.
13
Calculate 4 + -4 + (0 + 2 - -1).
3
Calculate -10 - -4 - (-10 + (-7 - -17) + 16).
-22
What is the value of (8 - (32 + -7 - 8)) + (12 - 6)?
-3
What is (8 - (-3 - (-3 + 1))) + -73 + 68?
4
(-9 - (-22 + 28)) + -2 + 4
-13
Evaluate -13 + (15 - (11 + 0)).
-9
(3 - (-1 + (-7 - -8) + -3)) + -5
1
Calculate 32 + -11 + 18 + -14 + -4.
21
31 - (41 - 23) - 30
-17
What is the value of -26 + 26 - (2 - (-1 + -32 - -7))?
-28
(-4 + 19 - 27) + -8
-20
Evaluate (0 - -1 - (24 - 29)) + -15 - -1.
-8
Evaluate 1 + -3 + 583 + -598.
-17
What is 4 + -4 + 9 - (-66 - -101)?
-26
What is the value of -19 + 20 - (-2 + 6) - -13?
10
Calculate -49 - -50 - (2 - 1 - (17 - 3)).
14
Calculate -1 - 2 - (-5 - (3 + -4) - -4).
-3
Calculate -8 + -38 + 29 - -26.
9
What is the value of 6 + -3 - (-8 + 16 + -6)?
1
What is the value of -23 + 23 - (-14 + 1 + 2) - -3?
14
-16 + -2 + -4 + 12 + 1
-9
Calculate -11 + -2 + -23 + 23.
-13
Calculate 18 - ((0 - -1) + (18 - 21) + 8).
12
What is ((-3 - -3) + 1 - (55 - 59)) + 12?
17
What is 9 + 0 + 15 + (-6 - 4)?
14
-15 + 11 - -6 - (1 + 2)
-1
What is the value of (-30 + -1 - -27) + (-11 - 0)?
-15
What is 13 + (-11 + -4 + -3 - -16)?
11
Calculate -12 + 29 + -13 + 0.
4
Evaluate -10 - -37 - (21 - -9).
-3
Calculate (1686 - 1677) + -1 + 19.
27
What is -12 + 6 + 6 + -1 + -9?
-10
What is the value of -32 + (-42 - -60) + 16?
2
Calculate -1 - 0 - -4 - (15 + -7).
-5
(-35 - -16) + 16 - (3 - 17)
11
-18 + -4 + 13 + -2 - (7 + -4)
-14
1 - (-4 - -4 - (3 - 2) - -17)
-15
What is the value of (5 - -4) + (-21 + 9 - -4) - 22?
-21
What is the value of -1 - (0 - -18) - ((-33 - -114) + -83)?
-17
What is 15 + -12 + -8 + 7 + -13?
-11
What is 27 + -3 + (4 - 10) - 5?
13
Evaluate -7 + (15 - (-7 - -14)) - (-2 - -1).
2
(7 + -4 - 23) + 28
8
What is the value of -14 - (9 + -20 + 14 + -7)?
-10
What is 13 - ((-5 - -23) + -15)?
10
-3 - -1 - (30 - 27) - (3 - -1)
-9
What is the value of 1 - -4 - (-28 - (0 - 27))?
6
Evaluate -1 + (-16 - -12) - -12.
7
1 - 5 - ((-16 - -15) + 17)
-20
What is -12 + (8 - -3) + 12 + 5?
16
What is the value of (-24 - -30) + (4 - -6)?
16
Evaluate 7 + 13 + 5 - (12 - (2 - -2)).
17
Calculate 7 - ((0 - -1) + (-9 - (-5 - -4))).
14
What is the value of (7 - 1) + 1 + 1 + (-1 - 4)?
3
Evaluate (-9 - 11) + (15 - 12).
-17
Evaluate 35 - (-20 + 42 - -2).
11
Evaluate 7 - (8 - (7 - (0 - 3 - 4))).
13
What is the value of -1 - (4 - (7 + -18)) - 8 - -3?
-21
22 - (3 + 1 + (-89 - -78))
29
What is the value of -9 - (-2 - 1) - (-2 - (12 + -11))?
-3
What is the value of 11 + (7 - (4 + -3)) + (-8 - -3)?
12
What is the value of -11 + (13 - 5) + 10?
7
79 + -74 - (13 - (-3 - -3))
-8
What is the value of -66 - -71 - (5 - 1)?
1
What is -10 + 7 + -5 + 15?
7
What is (5 - (-6 - -12 - (-6 - -1))) + -1?
-7
5 + 17 + 1 + (-76 - -79)
26
What is 4 - (24 - (3 + (-13 - -12)))?
-18
What is 1 - -3 - (1 - 6)?
9
What is the value of 4 + -4 - -4 - (-9 + 5) - 28?
-20
What is -6814 + 6802 - (2 + -1 + 7)?
-20
What is -1 - 0 - (15 + 4 + -36 + 12)?
4
What is the value of (23 + -11 + -9 - (14 - -1)) + -2?
-14
Evaluate (46 - (3 - -11)) + -18.
14
Calculate (-6 + -3 - (-8 + 2)) + 14 + 7.
18
Calculate -16 + (145 + -147 - (-11 + -1)).
-6
What is the value of -12 - -2 - ((38 - 28) + 3 + 5)?
-28
Evaluate -16 + -18 + 42 + 1 + -12.
-3
What is 1 + 0 + -9 + 2 - -3?
-3
What is -5 + -1 + -74 + 106?
26
What is the value of 0 + 11 + -121 + 97?
-13
Evaluate 1 + (0 - (-11 + 5)) - -5.
12
Evaluate -5 + 3 + 6 + (-4 - 2).
-2
Calculate (3 - 2) + -6 + 2 + 1.
-2
-13 - (-4 - 6 - 11)
8
What is the value of (-61 + 29 - 27) + 33?
-26
What is the value of -59 + 46 + 30 + -4?
13
What is the value of 8 + -9 + (3 - -6 - -17)?
25
(-24 - -17 - -6) + 0 + 14
13
Evaluate (22 - -5) + -13 + -11.
3
What is the value of 48 + -109 + 50 + (2 - 4)?
-13
What is the value of -4 + (20 + -24 - 9)?
-17
Calculate 0 + (-48 - -29) - -46.
27
Calculate (40 + -34 - (-3 - 3)) + 8.
20
6 - 4 - -3 - -6
11
Evaluate 20 + -20 + 11 + 2 + -1.
12
(16 - -76) + -35 + -39
18
Calculate -1 - ((-9 - (-5 - -1)) + (0 - -11)).
-7
Evaluate (20 - 13) + -12 - (2 - (1 + 4)).
-2
Evaluate (-20 - 0 - -40) + -17.
3
What is (14 - (-2 + -1)) + -6 + -2?
9
What is the value of 16 + (-1 - 6) + 5 + -13 + 8?
9
What is the value of -4 - (4 - (-31 - -10 - (-7 + -2)))?
-20
Evaluate -13 + 13 + -3 + 4 + -1.
0
Calculate 18 - ((-7 - 3) + (11 - 2) - 5).
24
What is the value of 0 + (-3 + -1 + (-3 - -10) - -3)?
6
Calculate (3 - (-4 + 17 - -1)) + (96 - 70).
15
Evaluate 0 + (14 - (13 + (-6 - (-5 + 6)))).
8
What is the value of -4 + 5 + -20 - -9?
-10
25 + (-31 + 42 - 17)
19
(65 - (-41 + 65)) + -31
10
Calculate -4 + 6 + 2 + (9 - 11).
2
Evaluate 27 + (-3 - (4 - (7 + -2))).
25
Evaluate 42 + -49 - (-14 + -4 + 0).
11
-43 - (-17 - (8 - 17))
-35
Evaluate (-12 + (6 - 1) + -2 - -3) + -1.
-7
Calculate -162 + 165 + (0 - -1).
4
Evaluate 2 + 6 - ((-38 - -65) + -22).
3
What is the value of -16 - -8 - -12 - (5 - (-8 - -10))?
1
What is the value of (24 - 12) + -2 - 9?
1
-4 - (-9 + (-10 - -11))
4
8 + 6 + -14 + (-14 - -14) - -9
9
What is the value of (-3 - -1) + (-5 - (-22 - (3 - 9)))?
9
Calculate (-3 + 1 - (0 - (-14 - -20))) + -18.
-14
Calculate 17 - (12 - ((-9 - -6) + -17)).
-15
What is the value of 10 - (-20 + 12) - 8?
10
Calculate (-5 - (9 - 1) - -9) + (0 - -4).
0
(-15 - 31) + (8 - -20)
-18
What is the value of -21 - -40 - 7 - 26?
-14
23 + 11 + -15 - 44
-25
What is the value of -19 + 21 - (-2 - (-5 - -9))?
8
Calculate 13 + -56 + 87 + -60.
-16
What is the value of 3 - (0 - (-1 - 13))?
-11
Calculate 16 + (-16 - (9 + -8)) + (-1 - -19).
17
((-9 - -8) + 11 - -7) + -5
12
(10 - (-1 + 8)) + 23 + -9
17
What is the value of -4 + -10 + 7 + 0 + 6?
-1
Evaluate 23 - (-47 + -35 + 73).
32
Calculate 12 + (-8 - (-5 - 2)).
11
What is the value of -260 - -300 - (2 + 19)?
19
Evaluate (-1 - (2 - 1)) + 71 + -59 + 13.
23
Calculate -17 + 4 + 42 + -19.
10
Calculate (50 - 29) + -18 - 29.
-26
(23 - (7 - -20)) + 0
-4
What is the value of 3 - -20 - 10 - (-3 + 1 + 0)?
15
Evaluate -5 + 2 + (0 - 2) + 4 + 8.
7
(-1 - -5) + (-22 + 10 - -7)
-1
-5 + 20 + (1 - -3) - 9
10
What is 1 - 17 - (5 + -2 + -2 + 4)?
-21
Calculate -33 + -6 + 0 - -12.
-27
Calculate -50 - -38 - (-1 - 1).
-10
Evaluate -2 - 39 - (212 - 226).
-27
(-4 - -38) + (-4 - 56)
-26
What is (-3 + (-3 + 5 - 2) - 1) + -1?
-5
What is -63 + 38 + (39 - 5)?
9
-176 + 151 + (-1 - -20)
-6
What is 1 - (9 - (4 - 5) - 7 - 16)?
14
What is 10 + (3 - (7 - 7 - -2))?
11
What is the value of 36 - (27 + -21 - -22)?
8
Evaluate 9 - (-7 - (-13 + 7 + -2)).
8
-3 + (-9 - (8 + -20 - -24))
-24
51 + -47 + (-5 - -13)
12
Evaluate -13 - (1 - (6 + -1)).
-9
What is the value of (-2 - -15) + 3 - 5?
11
Evaluate (-123 - -89) + (-2 - -20).
-16
33 - (14 - 1) - 11
9
What is (-3 - 3) + 2 + -1 + (-13 - -21)?
3
What is the value of -2 + -6 + (54 + -37 - 0)?
9
Calculate 3 - (15 - 25 - (-2 - 3)).
8
Calculate (5 - (9 + -31)) + -17.
10
Calculate (35 - 50) + (9 - -6) - (-23 - -2).
21
Calculate -6 + (-3 - -1) + 15 + -5.
2
What is ((-1 - -3) + -1 - -2) + (0 - -7)?
10
Evaluate 1 - ((2 - (-3 + 0)) + -5 - 2).
3
Evaluate -16 - -2 - (-3 + (-4 - 7)).
0
What is the value of 0 - -15 - (16 + (-2 - 7)) - 3?
5
What is 7 + (9 - 15 - (1 + (-7 - -3)))?
4
What is the value of (-2 - -2) + 1 + -5 - (153 - 149)?
-8
Evaluate -3 + -6 + 17 + 1.
9
What is the value of -1 - -6 - (255 - 243)?
-7
What is the value of 39 + -77 + (-2 - (-5 - 6))?
-29
Calculate (3 - (-1 - -16 - -6 - 9)) + 14.
5
-6 - (-1 + 0) - (533 - 544) - 6
0
What is 133 - 113 - (1 + 1 + -1 + -1)?
20
What is -1 - 1 - (7 - ((-11 - -7) + 10))?
-3
Evaluate 19 + -23 + (-46 - -68).
18
Evaluate (0 + 30 - 2) + -12.
16
What is 23 + (-10 - 11 - -4)?
6
What is the value of (176 - 174) + -1 + 17?
18
Calculate 21 + (11 - (-1 - 1)) + -7.
27
Calculate 20 + -4 + -4 + 7.
19
Evaluate -73 + 89 + 0 + -26.
-10
Evaluate ((-6 - -11) + 9 - 7) + 5 - 8.
4
Evaluate 576 + -558 + (-1 + 2 - (0 + 2)).
17
What is the value of 11 - 28 - (2 - 1 - 7)?
-11
6 - ((3 + -13 - 13) + 15)
14
Evaluate 1 - -32 - (-40 + 28 - -27).
18
What is the value of 1 + 7 + 6 + -11?
3
What is -8 - (-17 - -13) - (-1 - 0)?
-3
Calculate -19 + (4 - (20 - 8 - 10)).
-17
What is the value of 0 + -7 + 9 + (34 - 54)?
-18
Calculate (-1 - 2) + (-12 - -2).
-13
(-11 - -28) + -34 - -18
1
What is -12 - (4 - (8 - -1)) - -9?
2
What is 14 + 12 + -20 - (1 + 6)?
-1
What is -35 + (17 - 